(-10))/(1/10). Is m/5*(-268)/(-4) a prime number?
False
Suppose 392052 - 1308940 = -56*q. Is q prime?
False
Let n be (-13 + 4)*89*1 - 1. Let z = 1523 + n. Is z a prime number?
False
Suppose 4*a + 2 - 10 = 0. Suppose 5*n + m + 4 = 22, n - 9 = -a*m. Suppose -3*v = -4*v + g + 53, n*v + 3*g = 189. Is v composite?
True
Suppose -c + 11 = -4*m + 24, -m - 5*c = -19. Suppose m*s = -9*s + 8203. Is s a composite number?
False
Let u = -12945 - -25376. Is u a composite number?
True
Suppose -19*z - z = -26060. Is z a composite number?
False
Is -1*(6/3 + -1 - 92) composite?
True
Let s be (4 - 137)/(3/(-9)). Suppose s = -5*k + 3004. Suppose -205 + k = 4*o. Is o a prime number?
True
Let s = -2500 - -9935. Is s composite?
True
Suppose 3*o = -3*f + 583 - 43, -5*o + 900 = 3*f. Suppose -5*s - 3*u = 2*u - o, -s = -5*u - 42. Is s a prime number?
True
Suppose 0 = -1288*x + 1301*x - 195403. Is x prime?
True
Let p(u) = 64*u**3 + 2*u**2 - 6*u + 5. Is p(3) a prime number?
True
Suppose 2*m = 4*c + c + 3, 2*m - 2*c = 6. Suppose 7 = 5*a - 2*s, a + m*s = 2*a - 5. Is a/(-6) + 499/6 a prime number?
True
Suppose 5*h + 4*y + 4497 = 561, -y = -4*h - 3153. Let b = h - -1675. Is b composite?
False
Let x(o) = -o**2 + 22*o + 17. Let y be x(12). Let q be 4540/28 + (-3)/21. Suppose -h + q = -y. Is h prime?
False
Let j(p) = 5*p + 6. Let m be j(6). Let f(t) = t**3 - 3*t**2 - t + 3. Let n be f(3). Suppose -u + 3 + m = n. Is u prime?
False
Let l be 2 + 3/(15/10). Suppose -5*z + 2*z + 3*q = -2400, 3*z - 2403 = l*q. Is z a composite number?
False
Let l(k) = -20*k + 23. Let r be l(-9). Suppose 0 = -5*b - 4*y + 1033, -b + r = y + y. Is b prime?
False
Let x(m) = -3*m + 14. Suppose -a - 2*z = 2*a - 22, -5*z = -3*a + 8. Let j be x(a). Is 90 - j/8*6 prime?
False
Suppose 4*u = -4*m + 22384 + 11400, 3*u + 16867 = 2*m. Is m composite?
True
Let n = -109 + 114. Suppose x + 7358 = n*r, 0*x = -5*r - 2*x + 7349. Is r composite?
False
Let y = 183 - -338. Is y prime?
True
Let j(l) = -l**2 + 3*l**2 + 1 - 1015*l**3 - 3*l**2. Let b be j(-1). Suppose b = -0*k + 5*k. Is k a prime number?
False
Suppose -14 + 23 = 3*c. Suppose -791 = -5*b - 0*y - 2*y, 0 = -2*b + c*y + 305. Is b prime?
True
Suppose 4*a - 10344 = -4*n - n, -5*n - 10304 = -4*a. Is a a composite number?
True
Let n(d) = 7*d**3 + 2. Let j = -9 - -23. Let x be 46/j - (-6)/(-21). Is n(x) a composite number?
False
Suppose 0 = 4*s + 5*n - 1320, 3*s - 4*n - 1139 = -180. Suppose s = 4*k - 255. Is k prime?
False
Let w(r) = r - 2. Let f be w(-3). Let a(n) = 14*n**2 - 4*n + 5. Let o be a(f). Suppose -5*u + o = -740. Is u a composite number?
False
Let z(o) = -2*o**3 - o**2 - o. Let i be z(-1). Let u = -12 + 6. Is (-4)/u*267/i a composite number?
False
Let p = -1337 + 2134. Let o = 259 - p. Let b = o + 789. Is b a prime number?
True
Suppose -4*s + 1288 = -0*s. Suppose 0 = -v - 4*f + 163, 0 = 4*f + 6 + 14. Suppose -3*k - r + v = 0, -2*k - 3*k + 4*r + s = 0. Is k prime?
False
Suppose 14*p - 769490 = -151320. Is p a composite number?
True
Suppose 4 = -6*h + 3*h - 4*r, -2 = -2*h + 2*r. Suppose h*q - 11599 = -7*q. Is q composite?
False
Let t = 123116 + 9183. Is t composite?
False
Let y(c) = -c**3 - 11*c**2 + 12*c + 3. Let i be y(-12). Let w be 7 + 3/i + -3. Suppose -w*f + 1330 = 5*v, 0*v - 5*f + 1067 = 4*v. Is v composite?
False
Let m(o) = -2*o + 13*o**2 - 3 - 2*o - o. Let w be m(-3). Suppose 2*n + f + 2*f = 260, n - w = -f. Is n prime?
True
Let i = 13 - 15. Let o = i + 3. Is o/((0 + -2)/(-102)) composite?
True
Is ((-84)/(-7))/(-2) + 24695 prime?
False
Let c = 3 + -1. Suppose -4*s + 3*m = 769 - 6206, 0 = -c*s + 5*m + 2701. Is s a prime number?
False
Suppose 238 = 14*b - 28. Is b a prime number?
True
Is 58*((-99)/66)/(3/(-7)) a composite number?
True
Let c(o) = 14*o**3 + 4*o**2 - 23*o + 43. Is c(8) a composite number?
False
Let h = 16707 - 2138. Is h a prime number?
False
Let f be 99/(-22)*(-2)/3. Suppose -4*a = -3*v + 8, 3*v = -3*a + 18 - f. Suppose 6*p - v*p - 362 = 0. Is p a composite number?
False
Let c(u) be the second derivative of 2*u - 1/3*u**3 + 0 - 7/2*u**2 + 8/3*u**4. Is c(6) a composite number?
True
Suppose 4*p = -3*k + 28495, 831 + 18184 = 2*k - p. Is k composite?
True
Let v(t) = 321*t**2 + 20*t + 91. Is v(-4) a prime number?
True
Suppose -5*u = 29000 - 96190. Is u composite?
True
Let p = 9 - 7. Suppose 2*r + 0*r - 4 = 0. Suppose r*d - 148 = -p*d. Is d prime?
True
Let n = -5 - -28. Suppose -j + 746 = n. Is j composite?
True
Let w(k) = -k**2 - 10*k - 6. Let i be w(-9). Suppose 4*v + i*z = 3044, 3*v + 761 = 4*v - 5*z. Is v prime?
True
Let x(b) = 2*b**3 - 23*b**2 - 14*b + 29. Let l be x(12). Suppose 3*k = -0*k + 879. Suppose l*n = 6*n - k. Is n a prime number?
True
Let l(s) = s**3 + s**2 - 1011. Let i be l(0). Let k = -596 - i. Is k composite?
True
Let j(l) be the second derivative of 535*l**4/6 - l**3/3 + l**2/2 + 3*l. Is j(1) composite?
False
Let i(w) = -2*w - 12. Let x be i(-7). Suppose x*b = d + 4*b - 151, -d + 5*b + 123 = 0. Is d composite?
True
Let j be (11/(-33))/(1/(-12)). Suppose 3470 = 3*b - 3*a + 1220, -b = j*a - 755. Is b a composite number?
False
Let t be (-2)/3*-3 - (-15020)/4. Let o = -2194 + t. Is o composite?
True
Suppose -3*i + 15 = -0*i. Let p = 0 + i. Suppose 3*z - 2*w + 822 = p*z, -w = 4*z - 1650. Is z composite?
True
Let s = 211 - -300. Let h be 9/(9/(-2)) + s. Let f = h + -255. Is f prime?
False
Let u(f) = 8*f - 8 + 2*f - 126*f - 63*f. Is u(-5) composite?
False
Let q = 285 + 42. Suppose 255 = -2*u + 43. Let a = u + q. Is a composite?
True
Let a(o) = 4276*o**3 - o**2 + 3*o + 9. Is a(2) prime?
False
Let l be (4 + -7)/(-3) + 9. Suppose 0 = 2*h - 10, -2*m - h - 36 = -3*h. Let z = l - m. Is z a prime number?
True
Let q(x) = 33*x**2 - 2. Let f = -65 + 61. Is q(f) composite?
True
Let c(b) = 6*b**3 - b**2 - 8*b + 4. Let h(m) = -7*m**3 + 7*m - 3. Let r(o) = -6*c(o) - 5*h(o). Is r(7) prime?
False
Let x be 4*(1 - (-98)/8). Is 3 - (x*-2 - 2) composite?
True
Suppose i - 2*n = 31557, 466*i = 470*i + 2*n - 126278. Is i composite?
False
Suppose 7*l = 9*l - 8. Suppose -5*h = -l*a + 8, 2 = 2*h + 3*h + a. Suppose 2*w - 38 = -4*k, 2*w - 38 = -h*w - k. Is w composite?
False
Let o = 729 + -1134. Let b = o - -580. Let y = 10 + b. Is y a prime number?
False
Let c(p) = -11*p**3 - p**2 + p + 1. Let d be c(-1). Is ((-4634)/d)/(5/(-25)) a composite number?
True
Let w = -10 + 13. Suppose 73 = w*x - 320. Is x prime?
True
Let f be (8 + 0 + -7)/((-1)/1). Is f + 5 - (-4 + -2153) prime?
True
Let y = -30 + 30. Suppose 28 = -4*m - 4*p, p = 2*m - y*p - 1. Let b(o) = -69*o**3 - 5*o**2 - 6*o - 3. Is b(m) composite?
False
Let c(x) = 1954*x**2 - 3*x - 39. Is c(-4) a composite number?
False
Suppose 2*b - 4*i + 42 = 0, b - 4*i - i = -33. Let n(j) = 0 - 3 + 8*j - 2 - 5 + j**2. Is n(b) composite?
True
Let r(w) = -11*w + 7. Let p(t) = t**2 - 33*t + 22. Let c(b) = 2*p(b) - 7*r(b). Is c(12) composite?
True
Let x(u) = 8*u + 4. Let s be x(-5). Let q = 21 + s. Let c = 128 - q. Is c composite?
True
Let x(q) = -25*q**3 + 2*q**2 - 9*q + 9. Let p = 39 - 44. Is x(p) prime?
True
Let a = -10811 - -22146. Is a a prime number?
False
Let w(p) = -169*p - 45. Suppose a + 31 = -4*h + 7, 2*h = -10. Is w(a) a composite number?
False
Suppose -i + 4*o + 21 - 3 = 0, 3*o = -i - 3. Let z = -6 + i. Suppose -5*m = 2*f - 747, f + m + z*m = 366. Is f composite?
True
Suppose 2*i - 4309 = 5*w, 1175 + 967 = i - 5*w. Is i a prime number?
False
Suppose -2*x - 2560 = -2*b - 14224, 0 = -5*x - b + 29166. Is x a composite number?
True
Suppose -630 = -5*m - 75. Suppose -4*x - x = -3*b + m, 111 = 3*b - 3*x. Is b a prime number?
True
Let b = -45 - -8. Let k = b - -62. Suppose 0 = -3*f - 5*l + 13, -f + k = 3*f - l. Is f composite?
True
Suppose 3*x + 2*x = 0. Suppose 4*z + 2*l + 10 = x, -5*z - 5*l - 4 = -2*z. Is (1830/18)/((-1)/z) composite?
True
Let j(r) = 4*r**2 - r + 7. Let h be j(3). Is (-3346)/(-8) - (-30)/h a composite number?
False
Suppose -11*k + 40*k - 104197 = 0. Is k prime?
True
Let n(b) = -3*b**3 - 8*b**2 + 47*b + 25. Is n(-24) composite?
True
Let b = 16 - 10. Suppose i = -2*i - b. Is (2/4)/(i/(-2996)) prime?
False
Is (2 + (-168816)/(-30))/(4/10) prime?
False
Let q(x) = x**3 - 6*x - 8. Let t be (-122)/(-14) + (5 - (-132)/(-28)). Is q(t) a composite number?
True
Suppose 4*w = 17*l - 12*l - 2561, 3*l + 5*w = 1